hat is the remainder when 583848 is divided by 291851?
146
What is the remainder when 24273318 is divided by 302?
68
What is the remainder when 28891919 is divided by 43058?
1
What is the remainder when 5725682 is divided by 57?
32
What is the remainder when 303767 is divided by 10124?
47
What is the remainder when 19810813 is divided by 2524?
2461
What is the remainder when 3087263 is divided by 108?
83
What is the remainder when 24679 is divided by 1492?
807
Calculate the remainder when 968057 is divided by 439.
62
What is the remainder when 417254 is divided by 5769?
1886
Calculate the remainder when 26901768 is divided by 12107.
14
Calculate the remainder when 20816440 is divided by 7387.
7261
Calculate the remainder when 10421845 is divided by 3141.
7
Calculate the remainder when 233872 is divided by 77524.
1300
Calculate the remainder when 6711155 is divided by 259.
206
Calculate the remainder when 21769517 is divided by 774.
767
What is the remainder when 250587 is divided by 4179?
4026
What is the remainder when 2055869 is divided by 256964?
157
Calculate the remainder when 7997554 is divided by 68355.
19
What is the remainder when 17229516 is divided by 40?
36
Calculate the remainder when 31657627 is divided by 10552539.
10
Calculate the remainder when 1973703 is divided by 339.
45
What is the remainder when 8800 is divided by 8653?
147
Calculate the remainder when 267874335 is divided by 809288.
7
Calculate the remainder when 32327 is divided by 38.
27
Calculate the remainder when 9165932 is divided by 94.
86
Calculate the remainder when 37679287 is divided by 18839610.
67
What is the remainder when 287036 is divided by 395?
266
Calculate the remainder when 2233733 is divided by 370.
43
Calculate the remainder when 8853873 is divided by 1862.
63
What is the remainder when 21990567 is divided by 3141508?
11
What is the remainder when 13974051 is divided by 7?
0
What is the remainder when 1223845 is divided by 2250?
2095
What is the remainder when 81013490 is divided by 8431?
11
What is the remainder when 267947835 is divided by 10616?
10611
What is the remainder when 12063840 is divided by 125665?
0
What is the remainder when 1206192 is divided by 33505?
12
Calculate the remainder when 962301 is divided by 2925.
2901
Calculate the remainder when 471796 is divided by 1749.
1315
What is the remainder when 26005 is divided by 818?
647
What is the remainder when 4807251 is divided by 280?
211
Calculate the remainder when 17660225 is divided by 8042.
8035
Calculate the remainder when 1926254 is divided by 2759.
472
Calculate the remainder when 3439754 is divided by 1240.
1234
What is the remainder when 91462 is divided by 467?
397
Calculate the remainder when 73085763 is divided by 6.
3
What is the remainder when 2393956 is divided by 553?
19
Calculate the remainder when 3174611 is divided by 290.
271
Calculate the remainder when 649285147 is divided by 12.
7
Calculate the remainder when 248836 is divided by 57.
31
What is the remainder when 2919113 is divided by 10098?
791
Calculate the remainder when 655719 is divided by 6992.
5463
Calculate the remainder when 8575 is divided by 8356.
219
What is the remainder when 9078267 is divided by 2741?
75
Calculate the remainder when 105490 is divided by 105465.
25
What is the remainder when 22509 is divided by 94?
43
What is the remainder when 66858 is divided by 13142?
1148
Calculate the remainder when 898553 is divided by 898542.
11
What is the remainder when 55083057 is divided by 7660?
7657
What is the remainder when 3443692 is divided by 101285?
2
Calculate the remainder when 7914625 is divided by 141.
13
Calculate the remainder when 234307 is divided by 11923.
7770
Calculate the remainder when 3988884 is divided by 3926.
68
Calculate the remainder when 23234612 is divided by 1252.
1248
What is the remainder when 14391719 is divided by 14?
13
Calculate the remainder when 14366 is divided by 1490.
956
Calculate the remainder when 98797080 is divided by 2058272.
24
Calculate the remainder when 74178 is divided by 18532.
50
What is the remainder when 78005055 is divided by 5200337?
0
Calculate the remainder when 980144 is divided by 15.
14
What is the remainder when 13028 is divided by 2311?
1473
What is the remainder when 1214816878 is divided by 1968?
1966
Calculate the remainder when 10566063 is divided by 187.
2
Calculate the remainder when 4310345 is divided by 2155158.
29
Calculate the remainder when 667873 is divided by 325.
323
What is the remainder when 94430984 is divided by 2505?
2504
What is the remainder when 53645 is divided by 10663?
330
Calculate the remainder when 22133 is divided by 20220.
1913
Calculate the remainder when 1028945 is divided by 3080.
225
Calculate the remainder when 1591412 is divided by 1297.
1290
What is the remainder when 195222967 is divided by 332?
327
Calculate the remainder when 7046914 is divided by 1064.
42
Calculate the remainder when 447400 is divided by 63913.
9
Calculate the remainder when 368473 is divided by 184172.
129
What is the remainder when 13409127 is divided by 248?
15
Calculate the remainder when 531204 is divided by 29.
11
Calculate the remainder when 115121150 is divided by 488.
486
Calculate the remainder when 1810534 is divided by 6632.
6630
What is the remainder when 1337459 is divided by 103?
4
Calculate the remainder when 1070649 is divided by 7539.
111
Calculate the remainder when 304673 is divided by 3539.
319
What is the remainder when 4800710 is divided by 5107?
130
Calculate the remainder when 40350177 is divided by 359.
13
What is the remainder when 14945851 is divided by 241?
236
Calculate the remainder when 9118198 is divided by 1823630.
48
Calculate the remainder when 1763267 is divided by 4912.
4771
Calculate the remainder when 43042416 is divided by 63.
60
What is the remainder when 16659924 is divided by 337?
329
What is the remainder when 2287656 is divided by 1143825?
6
Calculate the remainder when 436889100 is divided by 867.
864
What is the remainder when 143964 is divided by 1467?
198
What is the remainder when 12909 is divided by 2796?
1725
Calculate the remainder when 711445386 is divided by 4996.
4994
Calculate the remainder when 6450837 is divided by 188.
181
What is the remainder when 144075 is divided by 5750?
325
Calculate the remainder when 87412 is divided by 537.
418
What is the remainder when 548787 is divided by 1362?
1263
What is the remainder when 121178028 is divided by 1986525?
3
What is the remainder when 474513 is divided by 116?
73
Calculate the remainder when 491131066 is divided by 61.
58
Calculate the remainder when 51799486 is divided by 631701.
4
Calculate the remainder when 4635231 is divided by 1284.
1275
Calculate the remainder when 245293 is divided by 61315.
33
Calculate the remainder when 43082 is divided by 39027.
4055
What is the remainder when 949912 is divided by 1922?
444
What is the remainder when 13368368 is divided by 1030?
1028
What is the remainder when 15541262 is divided by 8124?
50
Calculate the remainder when 194664 is divided by 38042.
4454
Calculate the remainder when 8735436 is divided by 2266.
6
Calculate the remainder when 59545412 is divided by 18.
8
Calculate the remainder when 88213 is divided by 663.
34
What is the remainder when 100663 is divided by 50290?
83
What is the remainder when 425378249 is divided by 255?
254
What is the remainder when 258268 is divided by 3395?
248
Calculate the remainder when 2501619 is divided by 43.
8
What is the remainder when 2456754 is divided by 35605?
9
What is the remainder when 7495004 is divided by 3364?
12
Calculate the remainder when 1925625 is divided by 87528.
9
What is the remainder when 281986487 is divided by 812?
811
Calculate the remainder when 6356865 is divided by 10648.
9
Calculate the remainder when 15416319 is divided by 82.
73
What is the remainder when 3383024 is divided by 75?
74
What is the remainder when 55299218 is divided by 70?
58
What is the remainder when 3816677 is divided by 22992?
5
What is the remainder when 82402918 is divided by 18?
16
Calculate the remainder when 484324 is divided by 17030.
7484
What is the remainder when 46011 is divided by 2108?
1743
Calculate the remainder when 124708